2 and 341.
11
What is the highest common divisor of 602 and 56?
14
Calculate the highest common factor of 30 and 85.
5
What is the greatest common factor of 747 and 83?
83
What is the greatest common divisor of 100 and 250?
50
What is the greatest common factor of 302 and 39713?
151
Calculate the greatest common factor of 20 and 860.
20
Calculate the highest common divisor of 540 and 2268.
108
What is the greatest common factor of 190 and 114?
38
What is the highest common divisor of 13 and 74243?
13
Calculate the highest common factor of 17404 and 76.
76
Calculate the highest common divisor of 345 and 165.
15
What is the highest common divisor of 136 and 102?
34
What is the highest common divisor of 22134 and 124?
62
What is the greatest common factor of 21 and 9?
3
What is the greatest common divisor of 13006 and 14?
14
What is the greatest common divisor of 14 and 112?
14
Calculate the highest common divisor of 228 and 156.
12
What is the greatest common divisor of 235 and 611?
47
Calculate the highest common divisor of 96 and 3912.
24
Calculate the highest common factor of 117 and 9.
9
Calculate the greatest common divisor of 2198 and 14.
14
What is the highest common divisor of 12 and 15?
3
Calculate the greatest common divisor of 3 and 519.
3
Calculate the greatest common factor of 144 and 192.
48
Calculate the greatest common factor of 56 and 119.
7
Calculate the highest common factor of 80 and 40.
40
Calculate the highest common factor of 10 and 40.
10
What is the greatest common factor of 167417 and 29?
29
Calculate the greatest common divisor of 44 and 396.
44
Calculate the highest common factor of 26 and 2.
2
What is the greatest common factor of 11 and 506?
11
What is the highest common factor of 45 and 6480?
45
Calculate the highest common factor of 55 and 32285.
55
Calculate the greatest common divisor of 205 and 287.
41
What is the highest common factor of 427 and 976?
61
Calculate the highest common divisor of 301 and 7.
7
What is the greatest common factor of 279 and 62?
31
What is the greatest common divisor of 24 and 99?
3
What is the highest common factor of 204 and 348?
12
What is the greatest common factor of 25363 and 13?
13
What is the highest common divisor of 1179 and 9?
9
What is the highest common divisor of 50400 and 30?
30
What is the greatest common factor of 279 and 527?
31
What is the highest common divisor of 546 and 6?
6
Calculate the highest common divisor of 276 and 156.
12
Calculate the highest common factor of 14 and 1778.
14
Calculate the highest common divisor of 348 and 156.
12
Calculate the highest common factor of 63 and 147.
21
What is the highest common divisor of 240 and 585?
15
What is the highest common divisor of 336 and 896?
112
Calculate the highest common divisor of 87 and 1653.
87
What is the greatest common factor of 8484 and 84?
84
What is the greatest common factor of 7289 and 197?
197
Calculate the highest common factor of 4144 and 784.
112
What is the greatest common divisor of 147 and 42?
21
What is the greatest common divisor of 196 and 875?
7
What is the greatest common factor of 216 and 22302?
54
What is the highest common factor of 162 and 1188?
54
What is the greatest common divisor of 17 and 14977?
17
What is the highest common divisor of 301 and 473?
43
Calculate the greatest common divisor of 1 and 797.
1
Calculate the greatest common factor of 220 and 528.
44
Calculate the greatest common divisor of 8036 and 41.
41
What is the greatest common factor of 440 and 55?
55
Calculate the highest common divisor of 72 and 120.
24
Calculate the greatest common factor of 1276 and 87.
29
Calculate the greatest common divisor of 51 and 1241.
17
Calculate the greatest common divisor of 229 and 104653.
229
Calculate the greatest common factor of 15 and 645.
15
Calculate the highest common factor of 28 and 196.
28
Calculate the highest common divisor of 47 and 47.
47
Calculate the greatest common divisor of 175 and 375.
25
What is the greatest common divisor of 112 and 9072?
112
What is the greatest common divisor of 1525 and 183?
61
What is the greatest common factor of 8 and 216?
8
Calculate the greatest common factor of 1750 and 7250.
250
Calculate the greatest common factor of 44991 and 9.
9
What is the highest common divisor of 12 and 13252?
4
What is the greatest common factor of 549 and 122?
61
What is the greatest common divisor of 28 and 4?
4
Calculate the greatest common divisor of 44 and 814.
22
Calculate the highest common divisor of 315 and 665.
35
Calculate the greatest common factor of 135 and 2673.
27
Calculate the highest common divisor of 39 and 117.
39
Calculate the highest common divisor of 196 and 2324.
28
What is the greatest common divisor of 30 and 20170?
10
What is the highest common factor of 22 and 99?
11
What is the greatest common factor of 2982 and 284?
142
What is the greatest common factor of 50 and 10?
10
What is the greatest common factor of 96 and 9?
3
What is the highest common factor of 444 and 9102?
222
What is the highest common factor of 40 and 580?
20
What is the highest common divisor of 789 and 3?
3
What is the highest common divisor of 780 and 4?
4
Calculate the highest common factor of 13224 and 87.
87
What is the highest common divisor of 90 and 42?
6
Calculate the highest common divisor of 4305 and 15.
15
What is the greatest common divisor of 298 and 46?
2
What is the greatest common factor of 81 and 45?
9
What is the greatest common divisor of 48 and 30?
6
Calculate the greatest common divisor of 84 and 2076.
12
Calculate the highest common factor of 350 and 1652.
14
Calculate the greatest common factor of 54 and 402.
6
What is the greatest common factor of 455 and 3120?
65
Calculate the highest common divisor of 120 and 15.
15
Calculate the greatest common factor of 180 and 580.
20
Calculate the highest common factor of 870 and 90.
30
Calculate the greatest common factor of 209 and 374.
11
Calculate the greatest common divisor of 1045 and 385.
55
Calculate the greatest common divisor of 1653 and 57.
57
What is the highest common divisor of 96 and 816?
48
What is the greatest common factor of 1260 and 1155?
105
Calculate the greatest common divisor of 100 and 850.
50
Calculate the greatest common factor of 27 and 204.
3
What is the greatest common factor of 31 and 8122?
31
What is the greatest common factor of 752 and 32?
16
Calculate the greatest common divisor of 39 and 143.
13
What is the highest common factor of 22 and 693?
11
Calculate the greatest common factor of 134 and 25326.
134
Calculate the highest common divisor of 222 and 24.
6
Calculate the greatest common divisor of 864 and 36.
36
Calculate the greatest common divisor of 18 and 96.
6
What is the highest common factor of 39 and 819?
39
What is the highest common factor of 54 and 18198?
54
Calculate the greatest common factor of 44 and 737.
11
What is the greatest common factor of 2514 and 12?
6
What is the greatest common factor of 384 and 732?
12
Calculate the greatest common divisor of 7 and 553.
7
What is the greatest common divisor of 14 and 26?
2
What is the greatest common divisor of 42964 and 92?
92
Calculate the greatest common factor of 32 and 800.
32
Calculate the greatest common divisor of 55 and 22.
11
Calculate the highest common divisor of 39 and 507.
39
What is the greatest common factor of 220 and 44?
44
Calculate the highest common divisor of 465 and 30.
15
Calculate the highest common factor of 39 and 111.
3
Calculate the highest common divisor of 126 and 189.
63
What is the highest common factor of 848 and 53?
53
Calculate the greatest common divisor of 6 and 768.
6
Calculate the highest common factor of 350 and 100.
50
Calculate the highest common factor of 30 and 12.
6
Calculate the highest common divisor of 3496 and 912.
152
What is the greatest common factor of 28 and 868?
28
Calculate the highest common factor of 26 and 962.
26
Calculate the highest common divisor of 192 and 2288.
16
What is the greatest common divisor of 20 and 10410?
10
What is the highest common divisor of 6 and 2082?
6
Calculate the greatest common divisor of 4141 and 41.
41
What is the greatest common divisor of 50 and 6400?
50
What is the greatest common factor of 1260 and 280?